ppose 5*x - 2*a - 8 + 29 = 0, -3*x = -5*a + 24. Suppose -5*y - f + 100 = 0, 5*y + 2*f - 100 = -2*f. Let m = y + x. List the prime factors of m.
17
Suppose -213643 = -52*p + 20825. List the prime factors of p.
3, 167
Let d = 11 - 20. Let n(j) = -j**3 - 8*j**2 + 8*j - 4. Let i be n(d). Suppose i*c - l - 140 = 3*l, 4*c = 2*l + 112. What are the prime factors of c?
2, 7
Suppose -2*i + 6*i = 0. Let n = i + 103. List the prime factors of n.
103
Let f(n) = 2*n + 9. Let l be f(-5). Let c(g) = g + 3. List the prime factors of c(l).
2
Let k(b) = b**2 - 9*b + 10. Let a be 1 + (2/2 - -6). Let o be k(a). What are the prime factors of -26*(8/o)/(-4)?
2, 13
Let s(c) = 21 + 15 - 11*c**2 - 8 + c**3 + 9*c. List the prime factors of s(10).
2, 3
Let p(o) = -4*o + 30. Let s be p(6). Suppose -345 = -s*f + 357. What are the prime factors of f?
3, 13
List the prime factors of (-91443)/(-33) + (-3)/(2 + -3).
2, 19, 73
Suppose -3*y = -2*w + 219, 686 = 5*w + 4*y + 127. List the prime factors of w.
3, 37
Suppose -15 + 0 = -5*i. Let v(l) = l**i + 7*l + 7*l**2 - 6*l + 5*l. List the prime factors of v(-5).
2, 5
Suppose 5*z - 53 = -3*c - 377, 467 = -4*c + 5*z. Let g = c - -162. Suppose -3*u + 29 = -g. List the prime factors of u.
2, 13
Let u = -11 - -5. Let h(q) = 2*q + 13. Let s be h(u). List the prime factors of (-5*s)/((-3)/21).
5, 7
Suppose -4*h = g - 1089, 0 = -2*h + 5*h + 3*g - 810. Suppose -d + 132 + h = 4*t, t + 5*d = 87. List the prime factors of t.
2, 3, 17
Suppose -4*g + g + 54 = 0. Let u be (-4)/g - 44/(-36). List the prime factors of (-21)/(-14)*(13 + u).
3, 7
Let l(v) = -v**3 + 9*v**2 - 13*v - 1. Let p be l(7). Suppose 35 = p*f - f. What are the prime factors of f?
7
Let u = 36 - 33. Suppose 4*b - v + 9 = 699, -b + u*v = -178. What are the prime factors of b?
2, 43
Let c = -3665 - -6327. List the prime factors of c.
2, 11
Suppose 0*k + 5*k - 160 = 0. Suppose 4*o - 4*d = -4 + k, o - 4*d = 13. Suppose 4*p = y + 90, o*y - 4 + 14 = 0. What are the prime factors of p?
2, 11
Let y(q) = -q**2 - 17*q - 25. Let t be y(-15). Suppose -l - 5*s + 0*s + 65 = 0, -t*s = 2*l - 110. List the prime factors of l.
3, 5
Let w = 249 + -64. Suppose 60 = b - 0*l - 4*l, -4*b + w = -5*l. What are the prime factors of b?
2, 5
Let w = 59 + 232. What are the prime factors of w?
3, 97
Suppose -22 + 2 = -v. Let r = v + 51. List the prime factors of r.
71
Suppose 4*i - 2*i + 4 = 4*d, -2*i = 4*d - 20. Suppose -6*x = -d*x. Suppose -3*s - 5*f + 149 = x, -3*s + 157 = -0*s + f. List the prime factors of s.
53
Let k(r) = -2*r + 5*r - 14 - 1. What are the prime factors of k(10)?
3, 5
Let m(s) = -23*s - 14. Let a(u) = -70*u - 41. Let p(j) = -6*a(j) + 17*m(j). List the prime factors of p(9).
269
Suppose j - 2*t = 2*j - 4, j - 6 = -4*t. Let l = 0 + 4. Suppose j*b - 44 = -l*f, -b - 51 = -3*b + 3*f. What are the prime factors of b?
2, 3
Let p = 34 + -32. Suppose -30 = -p*m + 112. What are the prime factors of m?
71
Let o(h) = 4*h - 3. Let g be o(5). Let s be (1 + 1/(-1))*1. Suppose q + s*q = g. List the prime factors of q.
17
Let m(h) = 18*h + 2. Let q be m(8). Suppose -q = -2*s + 78. What are the prime factors of s?
2, 7
Suppose -3*z - 4*r = -5, 10 = z + 3*z + 2*r. Suppose -z*y + 2*a - 5*a = -6, 0 = y - a - 6. Suppose -y*o - 74 = -290. What are the prime factors of o?
2, 3
Let n(y) = 2*y**2. Let j be n(-1). Suppose -6*i = -j*i - 256. List the prime factors of i.
2
Suppose -4*f - 4*j + 212 = 0, 3*j + 81 = -0*f + 2*f. Let q = f + -30. List the prime factors of (-114)/(-36) - 3/q.
3
Let q = -6 + 12. Let b(h) = 2*h**3 - 4*h**2 + 3*h + 2. Let v be b(2). List the prime factors of q/v + 483/12.
41
Suppose -m = m - 8. Suppose -5*c + c + l + 25 = 0, 20 = -m*l. Suppose c*w - 98 = -2*g - g, -4*w = -3*g - 100. List the prime factors of w.
2, 11
Suppose j - 2*a - 16 - 2 = 0, 0 = a + 5. Suppose -3*h = -h + j, 5*m - 350 = -5*h. What are the prime factors of m?
2, 37
Let r = -58 + 34. Let c = r - -41. Let v = 3 + c. List the prime factors of v.
2, 5
Let d = 0 + 3. Let a be (-4)/(-2)*(6 - d). List the prime factors of 12 - (a/(-3) - -1).
13
Let v be 3/3 + -5 - 216/(-3). Let w = 124 - v. List the prime factors of w.
2, 7
Let o(z) be the third derivative of 3*z**6/40 - z**5/60 + z**4/24 + 2*z**3/3 - 29*z**2. What are the prime factors of o(2)?
2, 37
Let x = 94 - 96. List the prime factors of 97 + (2 + x - -1).
2, 7
Let j(d) = d + 3. Let l be j(-3). Suppose -10*f - g = -7*f - 123, 3*g = 0. Suppose l = 2*u - f - 63. List the prime factors of u.
2, 13
Let j = 579 + -378. Suppose -25*s + j = -22*s. List the prime factors of s.
67
Suppose -47 = -4*m + 3*m. Let a = 68 - m. Suppose 2*q + q = a. What are the prime factors of q?
7
Let z = 33 - 31. Suppose -161 = -5*m - z*o + 111, -o - 107 = -2*m. List the prime factors of m.
2, 3
Suppose -12*w = -7*w - j - 2943, 4*w = -j + 2358. What are the prime factors of w?
19, 31
Suppose 2*w - 2*n - 240 = -3*w, 4*n - 26 = -w. Suppose 4*d + 20 = 4*p - 84, 2*p - w = 5*d. What are the prime factors of p?
2, 7
Suppose -5*p = 2 - 12. Let h(b) = 13*b - 17. Let t(z) = -8*z + 11. Let w(r) = 5*h(r) + 8*t(r). List the prime factors of w(p).
5
Let o be (-154)/(3 + -1) - 2. Let w = o - -146. What are the prime factors of w?
67
Suppose 160 = 4*p - 1040. List the prime factors of p.
2, 3, 5
Suppose 3*t = 0, s - 4*t + 3 = -2. List the prime factors of (-74)/6*(4 - (-50)/s).
2, 37
Suppose -14*g = -7495 + 845. List the prime factors of g.
5, 19
Let g(o) be the third derivative of o**6/120 - o**5/12 - o**4/3 - 7*o**3/6 - 7*o**2. Let y be g(7). Let r = y - -11. List the prime factors of r.
2, 23
Let h(d) = -4 + d + 1 + 9*d**2 + 2. Suppose -5*g = 14*m - 9*m + 10, 4*g + 5 = -3*m. List the prime factors of h(g).
3
Let i(o) = -2*o - 6. Suppose -3*s + 5*s = 8. Suppose -s*z - 10 = 10. What are the prime factors of i(z)?
2
Suppose -o + 3*n = n - 1268, -3*n - 3792 = -3*o. Suppose g - o = -8*g. List the prime factors of g.
2, 5, 7
Suppose -2*a - 14 + 24 = 0. Suppose k = -5*j + 117, a*j = 3 + 2. List the prime factors of k.
2, 7
Suppose 0*p - 15 = -3*p. Suppose p + 6 = q. List the prime factors of q.
11
Let p(l) = -l**3 + l**2 + l. Let j(i) = 25*i**3 - 4*i**2 + 3*i - 2. Let o(f) = j(f) + p(f). What are the prime factors of o(1)?
23
Let r = 2503 - 1941. List the prime factors of r.
2, 281
Suppose 0 = 3*h - 21 - 6. Let x = 13 - h. List the prime factors of x.
2
Let b = 2658 - 945. What are the prime factors of b?
3, 571
Suppose 9 = u - 16. Suppose 0 = -2*m + 4*n + 50, -2*m + u = -m - n. Suppose -3*v - 6 = -2*y - m, -3*v = -5*y - 16. What are the prime factors of v?
7
Let m(l) = -l**3 + 29*l**2 + l + 22. What are the prime factors of m(29)?
3, 17
Let a = 24 - 16. Suppose -a*d + 262 = 14. Let k = d + 11. List the prime factors of k.
2, 3, 7
Suppose 8*g - 10*g = -6. Suppose -g*b + 10 = 2*b. Suppose 0*c + b*c = 18. List the prime factors of c.
3
Suppose 10*i - 21879 = -3*i. List the prime factors of i.
3, 11, 17
Suppose 2*n - 1437 = -y, 5*n = 3*y + 4111 - 546. List the prime factors of n.
2, 179
Let n = 58 - 44. Let c(o) = -o**2 + 3*o - 3. Let s be c(2). What are the prime factors of n - 3/(s - 2)?
3, 5
Let l(g) = -4*g + 12. Let b be l(9). Suppose 36 = 2*q - 3*k, -48 + 5 = -3*q - k. List the prime factors of q/(-2)*b/9.
2, 5
Suppose 13*o = 12*o - 2. What are the prime factors of o*(148/(-8) + -2)?
41
List the prime factors of (-80)/(13 - 21)*(-2 - -341).
2, 3, 5, 113
Suppose c = 7*c. Suppose c*p = 2*p - 78. List the prime factors of p.
3, 13
Let a(b) = -5*b + 148. Let q be a(0). Suppose 560 = 4*m - 2*j, -3*m - 2*j + 258 = -q. List the prime factors of m.
2, 3, 23
Let s = -76 + 111. List the prime factors of s.
5, 7
Suppose -4*y - 5*p - 44 = 0, -26 = y + 2*y + 2*p. Let x be (28/y)/(6/18). Let t(h) = -h**2 - 14*h + 17. List the prime factors of t(x).
17
Suppose -4*v + 2577 - 765 = 0. What are the prime factors of v?
3, 151
Let c(h) be the third derivative of h**5/60 - h**4/6 - 4*h**3/3 + 5*h**2. What are the prime factors of c(10)?
2, 13
Let i be ((-1)/(-2))/((-22055)/(-3150) + -7). Suppose 4*o - i = -5*l, 5*o - l - 321 = o. What are the prime factors of o?
2, 5
Let b = 16 - 21. Let f = 53 + b. List the prime factors of f.
2, 3
Let i(c) be the first derivative of c**3 - 5/2*c**2 - 3*c + 2. List the prime factors of i(-3).
3,